0*n + 7 = 2*n. Suppose -2*u + 16 = -2*a, -1 = -2*u - y*a + 5. What is the units digit of u?
6
Let s = -6 - -8. Let n(u) = 2*u**3 + 2*u**2 + u - 2. Let q be n(2). Suppose 0*w = 4*g - s*w - q, 0 = 4*w. What is the units digit of g?
6
Let j be 6/(-8)*-2*2. Suppose -7 = -5*s + j. Suppose -s*v + v + 6 = 0. What is the units digit of v?
6
Let b be 1492/8 + 1/(-2). Suppose 3*x + 2*x + 3*k = b, -5*x = 4*k - 188. What is the tens digit of x?
3
Suppose -6 = 2*z + 4*f, -z - 1 - 8 = 5*f. Let j = 17 + z. Let n = j - 8. What is the units digit of n?
0
Let y(o) be the third derivative of -o**5/60 - o**4/6 - o**3/2 + 2*o**2. Let r be y(-2). Let z = r + 17. What is the tens digit of z?
1
What is the tens digit of 2 + 16 + 3 + 1?
2
Let b = 12 - 7. Suppose 34 = 3*a + b*l, -l - 4 - 23 = -2*a. What is the tens digit of a?
1
Suppose 4*k + 6*o = 3*o - 111, 4*o = -3*k - 92. Let r be 6/k + 22/(-8). Let n = r + 5. What is the units digit of n?
2
Suppose -2*h = 2*f - 4, -2*f + f + 22 = 5*h. Let u(s) = s**2 - 2*s - 3. What is the units digit of u(f)?
2
Suppose x = -x + 112. What is the units digit of x?
6
Let d be (26/6 + -2)*-3. Let y = -4 - d. What is the units digit of (-2)/y - (-175)/15?
1
Let a(h) = -8*h - h**3 + 2*h + 0*h**3 + 11*h**2 - 10 - 6*h. What is the units digit of a(9)?
4
Let q(w) = -w**3 + 4*w**2 + 3*w + 7. Let a be q(5). What is the units digit of -1 - (-9)/(a - -6)?
2
What is the tens digit of (93/(-12) + 1)/(9/(-120))?
9
Let i(v) = v**3 - v**2 + v + 100. What is the units digit of i(0)?
0
Let p = -50 - -93. What is the tens digit of p?
4
Suppose 0 = -2*t - 2, 3*c - c - 11 = t. Suppose 4*b - 5*b = 2*j - 19, -5*b = -c*j - 125. What is the units digit of b?
3
Let m = -1 - 0. What is the tens digit of 1*28/(3 + m)?
1
Suppose -2*l - l + 123 = -5*r, l - r = 39. What is the tens digit of l?
3
Let m be (1 + 7)*(-2)/(-2). Let k be ((-8)/(-10))/(m/20). What is the tens digit of ((-1)/k)/(3/(-78))?
1
Let b = -4 + 2. Let p be 16 + -2 + (0 - b). Suppose 3*i = -i + p. What is the units digit of i?
4
Suppose 397 = 5*y + 4*g, 2*y + 151 = 4*y - g. What is the units digit of y?
7
Let f = -6 - -28. Let q = f - 4. What is the tens digit of q?
1
Suppose -4*a = 4, -o - 3*a = -70 - 52. What is the hundreds digit of o?
1
Let f = 9 - 5. Suppose 0 = 5*j - f*j. Suppose c = -m - 1, m + j = 2*c - 10. What is the units digit of c?
3
Let r be 1/(1 + -2)*-3. Let n be (-1 + -4)*(-6)/5. Suppose -s - r = -n. What is the units digit of s?
3
Suppose -w + 1 = -0*w, -9 = 3*g + 3*w. Let c(l) = -l**2 - 4*l + 4. What is the units digit of c(g)?
4
Let t(b) = -2*b - 6*b**2 + 6*b**2 + 1 + 6*b**2 + 8*b**2. What is the tens digit of t(1)?
1
What is the tens digit of (-1278)/(-7) + 20/(-35)?
8
Suppose 17 + 13 = i + 2*p, 0 = -i + 5*p - 5. What is the units digit of i?
0
Let t be (1 + 1)*-1 + 6. Let x(c) = -2*c**2 + t*c**2 - c**2. What is the units digit of x(1)?
1
Let z = 49 - 19. What is the tens digit of z?
3
Suppose 48 = 2*l - 2*b, 0 = -5*l + 2*b + 114 + 6. Suppose 2*a - u + 6*u = -l, -12 = 3*u. What is the units digit of (-29)/(-5) + a/(-10)?
6
Let u(q) = q**2 + 7*q + 8. Let o be u(-8). Suppose 4 = 5*r - o. Suppose -7 = -f - 6*w + r*w, -f - 5 = -4*w. What is the units digit of f?
3
Let q(t) = t**3 + 9*t**2 + 2. Let d be q(-4). Let k be -2 - 1/((-2)/d). Suppose -5*c - k = -3*p - 0*c, 5*c = 2*p - 21. What is the units digit of p?
8
Suppose -4*u - 58 = -10. What is the tens digit of 243/(-6)*8/u?
2
Let q be ((-6)/(-15))/((-4)/120). Let l(k) = -k**2 - 16*k - 17. What is the units digit of l(q)?
1
Suppose 24 - 149 = 5*o. What is the units digit of o/(-1) - (5 + -3)?
3
Let x(h) = -h**2 - h**2 - 1 + h - h**3 + 3*h**2 + 0. What is the units digit of x(-2)?
9
Suppose 0 = h + 2 - 8. What is the units digit of h?
6
Suppose -3*k = -5*x + 3, 6 + 1 = -3*x + 4*k. Suppose j - x = 45. Suppose -7*n = -3*n - j. What is the units digit of n?
2
What is the units digit of (-6)/(-12)*(1 - -57)?
9
Let y = 15 + 0. Suppose 9*w - n - 67 = 4*w, 5*n - y = 0. What is the units digit of w?
4
Let k be (28/(-3))/(1/3). Let b = k + 41. What is the units digit of b?
3
Let x be 2 + -4 + 2 + 5. Let o be 20/(-25) - 1/x. Let p = o - -10. What is the units digit of p?
9
Suppose -182 = -5*g + 2*s, -2*s = -2 - 6. What is the tens digit of g?
3
Let f = -13 + 18. Suppose -5*p = -3*t - 35, 5*p + 0*t + 5*t = -f. What is the units digit of p?
4
Suppose 12 = -2*v - 4*c, -3*v = -6*c + c - 26. Suppose 2*t + 5*o - 26 = 0, -2*t - 4*o + 52 = v*t. What is the tens digit of t?
1
Suppose 4*f = 27 - 7. Let b(u) = 3 - u**2 + 8 + 8*u - 18. What is the units digit of b(f)?
8
Let s be (3/(-12))/(1/(-8)). Suppose -5*l = 6*a - s*a - 134, -5*l + a = -154. What is the units digit of l?
0
Let w = 0 + 2. Let x = 13 - w. What is the units digit of x?
1
Suppose 0 = -2*v - 3*t + 59, 4*t = v + 2*v - 63. Suppose 2*k = 7*k - v. Let a = k - 2. What is the units digit of a?
3
Suppose -5*y + 3*w + 155 = 0, -w = -5*y - 3*w + 130. What is the tens digit of y?
2
Suppose 2*f - 4*u - 188 = 0, 2*u - 106 = -4*f + 3*f. What is the hundreds digit of f?
1
Let t(g) = -g - 8. Let v = -1 - -1. Let d be t(v). What is the units digit of (-6)/d - (-75)/12?
7
What is the tens digit of (95/3)/(10/3 - 3)?
9
Let q = -121 + 204. What is the tens digit of q?
8
Let o = -2 - -6. Let j = 17 - o. What is the units digit of j?
3
Let z(t) = -3*t - 6. Let w(q) = -1. Let f(y) = -3*w(y) + z(y). What is the units digit of f(-3)?
6
Let t(q) = -q**2 - 6*q + 6. Suppose k + 0*k - 2*h = -9, -19 = 3*k - 2*h. What is the units digit of t(k)?
1
Suppose -2*j + 19 = -0*t + 3*t, -5*t - 5 = -4*j. Suppose 0 = -t*d + 4*d - 5. What is the units digit of d?
5
Let i(f) = 2 - 4*f**2 + 4*f + 5*f**2 + 1. What is the units digit of i(-4)?
3
What is the units digit of 2/(-13) - 1122/(-26)?
3
Suppose 0 = -4*q + 2*t + 300, 2*t = 3*q - 131 - 94. What is the units digit of q?
5
Let j(u) = 3*u - 2. Let a be j(2). Suppose a*f - 5*f + 1 = 0. Suppose h - 2 = -f. What is the units digit of h?
1
Let h = 19 - 3. What is the tens digit of h?
1
Let u = 16 - 14. Let z = 17 + u. What is the tens digit of z?
1
Let k(v) = 2 - 4*v**2 + 3*v**2 - 3 + 0*v - 6*v. What is the units digit of k(-4)?
7
Let p = -7 - -10. Suppose -2*y - x = p*y - 6, -3*y - 4*x - 10 = 0. Suppose 4*k + y = k - c, 4*k - 9 = c. What is the units digit of k?
1
Let w be (0 + 4 - 2)*-8. Let l = w - -39. What is the tens digit of l?
2
What is the units digit of 2/((-52)/27 - -2)?
7
Let q(t) = 12*t - 1. Let v = 0 - -1. What is the tens digit of q(v)?
1
Let u = 142 + -57. What is the tens digit of u?
8
Let i = 43 + 16. Suppose -a + 4*a + 3*w = 195, -a - 3*w = -i. Suppose f + 3*f - a = 0. What is the tens digit of f?
1
Let t(m) = -m**3 - 4*m**2 + m + 4. Suppose -4*v - 26 = z - 0*v, -3*z + 2*v - 8 = 0. Let r be t(z). Suppose 7*q = 2*q + r. What is the units digit of q?
4
Let y = -6 + 7. Let l = 1 - y. Suppose 5*f + h - 5*h - 48 = 0, l = -4*f + 2*h + 42. What is the units digit of f?
2
Let y = 8 - 3. Suppose 0 = 3*p - 4*p + y. Suppose 0 = -p*k + 12 + 8. What is the units digit of k?
4
Suppose 2*g + 82 = 3*v, -83 = -3*v + 2*g - g. What is the units digit of v?
8
Suppose -i - i - 4*y = -84, 4*y = -4*i + 168. What is the units digit of i?
2
Let m(i) = 13*i - 47. What is the tens digit of m(11)?
9
Let b = 213 - 92. What is the tens digit of b?
2
What is the units digit of ((-3)/4)/(1/(-4))?
3
Let h(y) = -y**2 - 8*y + 3. Let u be h(-8). Suppose 4*m + 12 = -p, -4*p + 6*m - u*m = -28. What is the units digit of p?
4
Let p(n) = -n**2 + 4*n - 3. Let s be p(3). Suppose -5*x - 2*l + 20 = 0, s = -0*l + l + 5. What is the units digit of x?
6
Suppose 2*a + 744 = 4*u, -879 = -4*u + 5*a - 129. What is the units digit of u?
5
Suppose -6 = -2*b, 5*g - b = -100 + 457. What is the tens digit of g?
7
Suppose b + 4*b = 25. Suppose b*v = 3*v + 14. What is the units digit of v?
7
Let y = 10 - 5. Suppose 0 = y*q + 4 - 94. What is the units digit of q?
8
Suppose 0 = 2*d + d + 6. Let c = 27 - d. What is the tens digit of c?
2
Let d(h) = 3*h**3 - 2*h**2 - 2*h - 2. Let k be d(3). Suppose -3*a - p + 63 = -k, -5*p = 5*a - 200. What is the units digit of a?
9
Let c(i) = -i**3 - 3*i**2 - 4*i - 2. Let q be c(-3). Suppose q = 5*b, 4*j + 2*b = 11 + 29. What is the units digit of j?
9
Let p(k) = 62*k**2. Let d b